16 and 986?
58
What is the highest common factor of 3 and 66?
3
Calculate the greatest common divisor of 8 and 6152.
8
What is the greatest common divisor of 6 and 2922?
6
Calculate the greatest common factor of 1524 and 12.
12
Calculate the highest common factor of 224 and 182.
14
What is the greatest common divisor of 580 and 36?
4
What is the greatest common divisor of 95 and 76?
19
What is the highest common factor of 180 and 295?
5
Calculate the greatest common divisor of 371 and 7.
7
Calculate the highest common divisor of 261 and 279.
9
What is the highest common divisor of 7 and 161?
7
Calculate the highest common factor of 1161 and 301.
43
Calculate the highest common factor of 935 and 715.
55
What is the highest common divisor of 12 and 21?
3
Calculate the highest common factor of 76 and 24.
4
Calculate the highest common divisor of 87 and 15.
3
What is the greatest common factor of 41 and 287?
41
What is the greatest common factor of 280 and 10?
10
Calculate the greatest common divisor of 36 and 61164.
36
Calculate the highest common factor of 20 and 70.
10
What is the highest common factor of 20552 and 112?
56
Calculate the highest common factor of 141 and 3196.
47
What is the greatest common factor of 1 and 1249?
1
What is the greatest common divisor of 1566 and 290?
58
Calculate the highest common factor of 1 and 1.
1
Calculate the greatest common factor of 360 and 72.
72
What is the greatest common factor of 248 and 155?
31
Calculate the highest common factor of 27 and 17469.
27
Calculate the greatest common divisor of 79 and 79.
79
What is the highest common factor of 326 and 36349?
163
Calculate the greatest common divisor of 637 and 1248.
13
Calculate the highest common divisor of 40 and 48.
8
What is the greatest common divisor of 1884 and 24?
12
Calculate the highest common factor of 2 and 158.
2
What is the highest common divisor of 1335 and 15?
15
Calculate the greatest common divisor of 46 and 46.
46
What is the greatest common factor of 107 and 10?
1
Calculate the highest common divisor of 15925 and 650.
325
Calculate the highest common factor of 2337 and 342.
57
Calculate the highest common factor of 851 and 506.
23
Calculate the greatest common factor of 33 and 2046.
33
Calculate the highest common divisor of 299 and 19136.
299
What is the highest common divisor of 44 and 110?
22
What is the greatest common divisor of 1058 and 46?
46
What is the greatest common divisor of 5961 and 1?
1
Calculate the highest common factor of 15565 and 11.
11
Calculate the highest common factor of 35 and 1470.
35
What is the greatest common factor of 391 and 51?
17
Calculate the greatest common factor of 12 and 3168.
12
Calculate the greatest common divisor of 704 and 44.
44
What is the highest common factor of 342 and 45?
9
What is the highest common factor of 272 and 34?
34
Calculate the highest common divisor of 344 and 23908.
172
Calculate the greatest common factor of 990 and 99.
99
What is the highest common factor of 1221 and 1617?
33
What is the greatest common factor of 1422 and 81?
9
What is the greatest common factor of 10 and 94500?
10
Calculate the greatest common factor of 42 and 168.
42
Calculate the highest common factor of 161 and 11178.
23
Calculate the greatest common divisor of 105 and 35.
35
Calculate the greatest common factor of 9738 and 54.
18
What is the highest common factor of 2981 and 22?
11
What is the highest common factor of 2 and 2048?
2
Calculate the highest common divisor of 1683 and 2907.
153
What is the greatest common divisor of 8 and 32?
8
Calculate the highest common factor of 15 and 1005.
15
What is the highest common divisor of 147 and 490?
49
What is the greatest common factor of 58 and 464?
58
What is the greatest common factor of 80 and 30?
10
Calculate the highest common divisor of 1428 and 68.
68
What is the highest common factor of 441 and 252?
63
Calculate the greatest common factor of 77 and 21.
7
Calculate the greatest common divisor of 6416 and 5213.
401
What is the greatest common factor of 238 and 102?
34
What is the highest common factor of 160 and 880?
80
Calculate the greatest common factor of 98 and 539.
49
Calculate the greatest common divisor of 26 and 35932.
26
What is the highest common factor of 30 and 345?
15
What is the greatest common divisor of 66 and 30?
6
Calculate the greatest common factor of 2624 and 128.
64
What is the greatest common factor of 12200 and 1098?
122
What is the greatest common divisor of 1625 and 65?
65
What is the highest common divisor of 2112 and 32?
32
Calculate the highest common factor of 22 and 3278.
22
Calculate the greatest common divisor of 10 and 114.
2
Calculate the highest common divisor of 6862 and 438.
146
What is the highest common divisor of 11 and 2167?
11
What is the highest common factor of 12 and 732?
12
What is the greatest common factor of 90 and 126?
18
What is the greatest common factor of 295 and 767?
59
What is the greatest common divisor of 384 and 864?
96
Calculate the highest common divisor of 112 and 70.
14
What is the highest common factor of 791 and 7?
7
What is the highest common divisor of 992 and 32?
32
What is the highest common divisor of 948 and 12?
12
What is the highest common divisor of 14 and 1246?
14
Calculate the greatest common divisor of 15 and 240.
15
What is the greatest common divisor of 13 and 13?
13
Calculate the highest common factor of 124 and 3565.
31
Calculate the highest common factor of 40 and 90.
10
What is the greatest common divisor of 32 and 1456?
16
What is the highest common divisor of 78 and 104?
26
Calculate the greatest common factor of 212 and 4.
4
What is the highest common factor of 27 and 32?
1
Calculate the greatest common divisor of 24 and 1446.
6
Calculate the greatest common factor of 42 and 70.
14
What is the greatest common divisor of 90 and 1520?
10
Calculate the highest common factor of 4 and 274.
2
Calculate the highest common divisor of 31266 and 54.
54
What is the greatest common divisor of 20 and 160?
20
What is the highest common factor of 8 and 408?
8
Calculate the greatest common factor of 7425 and 66.
33
What is the highest common factor of 88 and 539?
11
Calculate the highest common factor of 22 and 1078.
22
Calculate the highest common factor of 5930 and 40.
10
Calculate the highest common factor of 48 and 1944.
24
What is the greatest common factor of 2512 and 16?
16
Calculate the highest common divisor of 3796 and 219.
73
What is the highest common factor of 520 and 1703?
13
What is the greatest common divisor of 89 and 801?
89
What is the greatest common factor of 76 and 494?
38
What is the greatest common factor of 10 and 502?
2
Calculate the highest common divisor of 11940 and 240.
60
What is the greatest common factor of 264 and 72?
24
What is the highest common factor of 90 and 117?
9
Calculate the highest common factor of 1112 and 3197.
139
What is the greatest common divisor of 28 and 3892?
28
Calculate the greatest common factor of 12 and 104.
4
Calculate the highest common divisor of 54 and 72.
18
What is the greatest common divisor of 102 and 391?
17
Calculate the highest common divisor of 340 and 60.
20
Calculate the greatest common factor of 472 and 8.
8
Calculate the highest common divisor of 45 and 1665.
45
What is the greatest common divisor of 1232 and 2576?
112
What is the highest common divisor of 11 and 440?
11
What is the highest common divisor of 8365 and 105?
35
Calculate the greatest common factor of 1120 and 100.
20
Calculate the greatest common factor of 43 and 387.
43
Calculate the highest common divisor of 18 and 248.
2
Calculate the greatest common divisor of 1863 and 23.
23
Calculate the greatest common factor of 19834 and 282.
94
What is the highest common factor of 430 and 1462?
86
What is the greatest common divisor of 11768 and 16?
8
What is the highest common factor of 24 and 396?
12
What is the greatest common factor of 162 and 2538?
54
What is the highest common factor of 342 and 437?
19
What is the greatest common factor of 10 and 120?
10
Calculate the highest common divisor of 312 and 507.
39
Calculate the greatest common factor of 22 and 57486.
22
What is the highest common divisor of 416 and 286?
26
Calculate the high